2303439 prime?
False
Is 17188573 a prime number?
True
Is 37629115 a prime number?
False
Is 47588519 a composite number?
True
Is 301015343 composite?
True
Is 140740679 prime?
False
Is 30703031 prime?
False
Is 80722505 a prime number?
False
Is 1125177559 a composite number?
True
Is 109987 a prime number?
True
Is 1143098465 a prime number?
False
Is 17707243 a prime number?
False
Is 60064397 a composite number?
True
Is 17199811 prime?
True
Is 11107121 a composite number?
True
Is 43787473 a composite number?
False
Is 3568291 composite?
True
Is 1769146 a prime number?
False
Is 25217 prime?
False
Is 737729 a composite number?
False
Is 16649753 composite?
False
Is 4205533 a prime number?
True
Is 59546501 a composite number?
True
Is 5666071 prime?
False
Is 14783635 composite?
True
Is 4178327 a composite number?
False
Is 217678157 composite?
False
Is 7856909 a composite number?
False
Is 39878639 composite?
True
Is 17667697 a prime number?
True
Is 2419247 composite?
False
Is 3259771 a prime number?
True
Is 150978847 composite?
False
Is 3081737 a prime number?
True
Is 4190129 composite?
True
Is 3849523 a prime number?
True
Is 5863667 a prime number?
True
Is 20040385 a prime number?
False
Is 3062407 a composite number?
False
Is 1068424349 composite?
True
Is 86836655 composite?
True
Is 6136111 composite?
False
Is 45392489 a prime number?
False
Is 835447 a prime number?
False
Is 215420731 a prime number?
True
Is 66429823 a composite number?
True
Is 1227565 prime?
False
Is 197741 prime?
True
Is 571948462 a composite number?
True
Is 49596689 composite?
False
Is 484361 prime?
True
Is 234811547 prime?
False
Is 31258211 a composite number?
True
Is 7065679 a prime number?
True
Is 102264001 a prime number?
False
Is 189737 composite?
True
Is 11302411 a prime number?
True
Is 2698145 a composite number?
True
Is 3328834 a composite number?
True
Is 239325701 composite?
False
Is 23329667 a composite number?
False
Is 6559031 a composite number?
True
Is 4515917 composite?
True
Is 490788521 prime?
False
Is 1169587 a prime number?
True
Is 188358167 composite?
True
Is 8170169 a prime number?
False
Is 2732881 a composite number?
True
Is 2774077 composite?
True
Is 1652003 composite?
True
Is 2498539 composite?
False
Is 1068101 a prime number?
True
Is 854213 a prime number?
True
Is 90824911 composite?
False
Is 185101919 prime?
True
Is 1624379 a prime number?
False
Is 182184731 prime?
True
Is 33675799 composite?
False
Is 5996141 prime?
False
Is 45762803 prime?
True
Is 49041479 a composite number?
True
Is 130633423 composite?
True
Is 134312873 composite?
False
Is 6668341 a composite number?
False
Is 3766739 a prime number?
True
Is 22921413 prime?
False
Is 1669403 a composite number?
True
Is 701640991 a prime number?
True
Is 1164067 composite?
False
Is 115674703 a composite number?
True
Is 30739559 a prime number?
True
Is 19817709 prime?
False
Is 116091883 a composite number?
False
Is 247635701 prime?
True
Is 136367317 a composite number?
False
Is 23422519 prime?
False
Is 9463057 a prime number?
True
Is 273820471 prime?
True
Is 498091 prime?
False
Is 11906719 prime?
False
Is 343079 a prime number?
False
Is 110887741 a prime number?
True
Is 24645509 a composite number?
True
Is 5304551 a composite number?
True
Is 20801441 a prime number?
True
Is 9220127 a prime number?
False
Is 47612129 prime?
True
Is 5634193 a composite number?
False
Is 8309749 prime?
False
Is 458671 a prime number?
False
Is 4620269 a composite number?
False
Is 148063793 composite?
False
Is 199210919 composite?
True
Is 54154993 prime?
True
Is 153463537 prime?
True
Is 226481963 prime?
True
Is 4131409 prime?
True
Is 5492821 composite?
False
Is 90564061 a prime number?
False
Is 976861 a composite number?
True
Is 5896459 a composite number?
False
Is 321767114 composite?
True
Is 88054061 prime?
True
Is 845143 composite?
True
Is 12535321 a composite number?
False
Is 7235663 composite?
False
Is 600969 composite?
True
Is 3779497 a prime number?
False
Is 126426461 composite?
True
Is 3705929 a composite number?
False
Is 1033147 a composite number?
True
Is 42122681 a composite number?
False
Is 6620923 prime?
False
Is 46940947 a prime number?
False
Is 16056127 prime?
False
Is 624917 a prime number?
True
Is 5226929 composite?
False
Is 6687167 a composite number?
False
Is 943967905 a composite number?
True
Is 3983173 composite?
True
Is 552605219 composite?
True
Is 9772703 prime?
True
Is 331636111 a composite number?
False
Is 116773231 a prime number?
False
Is 29264297 a prime number?
True
Is 151115 prime?
False
Is 27201667 a composite number?
True
Is 165327067 a prime number?
True
Is 102623317 a prime number?
False
Is 15594617 composite?
False
Is 19372981 composite?
False
Is 51226099 composite?
True
Is 169307 a prime number?
True
Is 96177461 a prime number?
True
Is 5980787 prime?
False
Is 4295579 prime?
False
Is 584120837 a prime number?
True
Is 12998305 a prime number?
False
Is 293011 composite?
True
Is 1085197 composite?
False
Is 92858999 prime?
True
Is 4872961 composite?
False
Is 87339653 a composite number?
False
Is 54085587 composite?
True
Is 41466697 composite?
False
Is 3451849 a prime number?
False
Is 14326757 a composite number?
False
Is 903311 a prime number?
True
Is 7485251 a prime number?
True
Is 4010297 a composite number?
False
Is 3323443 a prime number?
False
Is 719409 a composite number?
True
Is 8008523 composite?
False
Is 141566141 a prime number?
True
Is 162401659 a composite number?
True
Is 11759203 a composite number?
True
Is 1584881 prime?
True
Is 21688921 composite?
False
Is 17885519 composite?
False
Is 1260283 prime?
True
Is 1836637 prime?
False
Is 264576271 prime?
False
Is 33537433 a prime number?
True
Is 58271 a composite number?
False
Is 22046767 composite?
True
Is 6099829 prime?
True
Is 198035 prime?
False
Is 252035483 prime?
False
Is 2216857 a composite number?
False
Is 4195609 a composite number?
True
Is 14691067 a prime number?
False
Is 8404719 composite?
True
Is 54330779 a composite number?
False
Is 267571349 composite?
True
Is 27170327 a composite number?
False
Is 2707049 composite?
False
Is 21670654 composite?
True
Is 6647717 prime?
True
Is 2316739 prime?
False
Is 359890871 a composite number?
False
Is 182225177 prime?
False
Is 96423 a prime number?
False
Is 13917239 a prime number?
False
Is 21410179 prime?
False
Is 4985441 prime?
False
Is 453877 a composite number?
False
Is 990103 a prime number?
False
Is 1775903 a composite number?
False
Is 373411 a composite number?
True
Is 94069343 a prime number?
True
Is 18899365 a composite number?
True
Is 3954101 prime?
True
Is 3341879 composite?
False
Is 4421657 prime?
False
Is 2067911 composite?
False
Is 11543669 prime?
False
Is 54489547 a composite number?
True
Is 257478983 prime?
True
Is 15330221 prime?
True
Is 570565711 prime?
True
Is 4717697 prime?
False
Is 33906997 composite?
False
Is 17977979 composite?
False
Is 191844353 a composite number?
False
Is 3585449 a prime number?
False
Is 19578389 a prime number?
True
Is 14057501 composite?
False
Is 67112249 prime?
True
Is 437524261 a prime number?
True
Is 7658491 a composite number?
False
Is 19071677 a composite number?
False
Is 72053519 a composite number?
False
Is 56966795 a prime number?
False
Is 34577237 a composite number?
True
Is 4126277 prime?
False
Is 4114039 a prime number?
False
Is 2900177 prime?
False
Is 383365087 prime?
False
Is 119027177 a composite number?
True
Is 8628233 prime?
True
Is 14955163 a composite number?
False
Is 12252653 composite?
True
Is 46484071 composite?
True
Is 19037497 a composite number?
False
Is 3089179 composite?
True
Is 35543959 prime?
False
Is 4897699 a prime number?
False
Is 3898409 a composite number?
False
Is 20290535 a prime number?
False
Is 14010917 prime?
False
Is 708630389 prime?
True
Is 687044143 composite?
True
Is 3812357 prime?
True
Is 3879035 a prime number?
False
Is 5199359 composite?
True
Is 9361127 a prime number?
True
Is 11713943 a composite number?
False
Is 427762 a prime number?
False
Is 3724013 a composite number?
True
Is 52394807 a composite number?
True
Is 13161371 composite?
False
Is 24222847 a prime number?
False
Is 72949523 composite?
True
Is 2015747 a prime number?
True
Is 5047261 composite?
False
Is 4464091 a composite number?
False
Is 199